{"id":35,"date":"2013-11-24T22:16:16","date_gmt":"2013-11-24T20:16:16","guid":{"rendered":"http:\/\/www.hardyhuebener.de\/olkf2\/?page_id=35"},"modified":"2014-10-04T10:15:31","modified_gmt":"2014-10-04T08:15:31","slug":"nuetzliches","status":"publish","type":"page","link":"http:\/\/www.oldenburger-kakteenfreunde.eu\/?page_id=35","title":{"rendered":"N\u00fctzliches"},"content":{"rendered":"<p>Auf den folgenden Seiten finden Sie eine kurze <span style=\"text-decoration: underline;\"><a href=\"http:\/\/www.hardyhuebener.de\/olkf\/?page_id=43\">Kakteen-Kulturanleitung<\/a><\/span> f\u00fcr Einsteiger sowie die <span style=\"text-decoration: underline;\"><a href=\"http:\/\/www.hardyhuebener.de\/olkf\/?page_id=39\">B\u00fccherliste<\/a><\/span> der Oldenburger Kakteenfreunde, die durch Mitglieder ausgeliehen werden k\u00f6nnen.<\/p>\n","protected":false},"excerpt":{"rendered":"<p>Auf den folgenden Seiten finden Sie eine kurze Kakteen-Kulturanleitung f\u00fcr Einsteiger sowie die B\u00fccherliste der Oldenburger Kakteenfreunde, die durch Mitglieder ausgeliehen werden k\u00f6nnen.<\/p>\n","protected":false},"author":3,"featured_media":0,"parent":0,"menu_order":0,"comment_status":"closed","ping_status":"closed","template":"page-full-width.php","meta":{"footnotes":""},"class_list":["post-35","page","type-page","status-publish","hentry"],"_links":{"self":[{"href":"http:\/\/www.oldenburger-kakteenfreunde.eu\/index.php?rest_route=\/wp\/v2\/pages\/35","targetHints":{"allow":["GET"]}}],"collection":[{"href":"http:\/\/www.oldenburger-kakteenfreunde.eu\/index.php?rest_route=\/wp\/v2\/pages"}],"about":[{"href":"http:\/\/www.oldenburger-kakteenfreunde.eu\/index.php?rest_route=\/wp\/v2\/types\/page"}],"author":[{"embeddable":true,"href":"http:\/\/www.oldenburger-kakteenfreunde.eu\/index.php?rest_route=\/wp\/v2\/users\/3"}],"replies":[{"embeddable":true,"href":"http:\/\/www.oldenburger-kakteenfreunde.eu\/index.php?rest_route=%2Fwp%2Fv2%2Fcomments&post=35"}],"version-history":[{"count":8,"href":"http:\/\/www.oldenburger-kakteenfreunde.eu\/index.php?rest_route=\/wp\/v2\/pages\/35\/revisions"}],"predecessor-version":[{"id":233,"href":"http:\/\/www.oldenburger-kakteenfreunde.eu\/index.php?rest_route=\/wp\/v2\/pages\/35\/revisions\/233"}],"wp:attachment":[{"href":"http:\/\/www.oldenburger-kakteenfreunde.eu\/index.php?rest_route=%2Fwp%2Fv2%2Fmedia&parent=35"}],"curies":[{"name":"wp","href":"https:\/\/api.w.org\/{rel}","templated":true}]}}