{"id":41,"date":"2013-11-24T22:17:07","date_gmt":"2013-11-24T20:17:07","guid":{"rendered":"http:\/\/www.hardyhuebener.de\/olkf2\/?page_id=41"},"modified":"2026-02-15T17:32:20","modified_gmt":"2026-02-15T15:32:20","slug":"mitgliedschaft","status":"publish","type":"page","link":"http:\/\/www.oldenburger-kakteenfreunde.eu\/?page_id=41","title":{"rendered":"Mitgliedschaft"},"content":{"rendered":"<p>Sie interessieren sich f\u00fcr Kakteen oder andere Sukkulenten und sind am Erfahrungsaustausch mit Gleichgesinnten interessiert? Dann werden Sie doch Mitglied bei den Oldenburger Kakteenfreunden!<\/p>\n<div>Welche Vorteile bieten sich durch eine Mitgliedschaft im Verein \u201eOldenburger Kakteenfreunde e.V.\u201c?<\/div>\n<div><\/div>\n<div>\n<ul>\n<li>Gespr\u00e4ch und Erfahrungsaustausch mit Gleichgesinnten w\u00e4hrend der monatlichen Zusammenk\u00fcnfte<\/li>\n<li>j\u00e4hrlich ca. 10 Dia-Fachvortr\u00e4ge \u00fcber Kakteen und andere Sukkulenten in Kultur oder am Standort durch unsere Mitglieder oder andere\u00a0kompetente Referenten<\/li>\n<li>gesellige Ausfl\u00fcge zu Liebhabersammlungen, botanischen G\u00e4rten oder Kakteeng\u00e4rtnereien<\/li>\n<li>kostenlose Nutzung unserer Fachbibliothek mit einschl\u00e4gigen B\u00fcchern und Zeitschriften<\/li>\n<li>Beratung in allen Pflegefragen und Unterst\u00fctzung beim Aufbau einer Sammlung<\/li>\n<li>G\u00fcnstige Beschaffung von Pflanzen, Samen und Zubeh\u00f6r durch Sammelbestellungen<\/li>\n<li>Pflanzen- und Samentausch innerhalb der Ortsgruppe<\/li>\n<\/ul>\n<\/div>\n<p>Wir treffen uns in der Regel jeden 1. Freitag im Monat um 18.30 Uhr im Pavillon der Caritas, Scheideweg 100, 26127 Oldenburg. G\u00e4ste und Interessenten sind jederzeit herzlich willkommen.<\/p>\n<p>Der Jahresbeitrag betr\u00e4gt 12,- EUR.<\/p>\n<p>Um Mitglied der Oldenburger Kakteenfreunde e.V.\u00a0 zu werden, drucken Sie das <a href=\"http:\/\/www.hardyhuebener.de\/olkf\/downloads\/Oldenburger_Kakteenfreunde_Beitrittserklaerung.pdf\" target=\"_blank\" rel=\"noopener\"><span style=\"text-decoration: underline;\">Beitrittsformular<\/span><\/a> aus und senden es vollst\u00e4ndig ausgef\u00fcllt an :<\/p>\n<div style=\"padding-left: 30px;\"><strong>Klaus Reis<\/strong><\/div>\n<div style=\"padding-left: 30px;\"><strong>Ahlkenweg 168a<\/strong><\/div>\n<div style=\"padding-left: 30px;\"><strong>26131 Oldenburg<\/strong><\/div>\n","protected":false},"excerpt":{"rendered":"<p>Sie interessieren sich f\u00fcr Kakteen oder andere Sukkulenten und sind am Erfahrungsaustausch mit Gleichgesinnten interessiert? Dann werden Sie doch Mitglied bei den Oldenburger Kakteenfreunden! Welche Vorteile bieten sich durch eine Mitgliedschaft im Verein \u201eOldenburger Kakteenfreunde e.V.\u201c? Gespr\u00e4ch und Erfahrungsaustausch mit Gleichgesinnten w\u00e4hrend der monatlichen Zusammenk\u00fcnfte j\u00e4hrlich ca. 10 Dia-Fachvortr\u00e4ge \u00fcber Kakteen und andere Sukkulenten in [&hellip;]<\/p>\n","protected":false},"author":3,"featured_media":0,"parent":0,"menu_order":0,"comment_status":"closed","ping_status":"closed","template":"page-full-width.php","meta":{"footnotes":""},"class_list":["post-41","page","type-page","status-publish","hentry"],"_links":{"self":[{"href":"http:\/\/www.oldenburger-kakteenfreunde.eu\/index.php?rest_route=\/wp\/v2\/pages\/41","targetHints":{"allow":["GET"]}}],"collection":[{"href":"http:\/\/www.oldenburger-kakteenfreunde.eu\/index.php?rest_route=\/wp\/v2\/pages"}],"about":[{"href":"http:\/\/www.oldenburger-kakteenfreunde.eu\/index.php?rest_route=\/wp\/v2\/types\/page"}],"author":[{"embeddable":true,"href":"http:\/\/www.oldenburger-kakteenfreunde.eu\/index.php?rest_route=\/wp\/v2\/users\/3"}],"replies":[{"embeddable":true,"href":"http:\/\/www.oldenburger-kakteenfreunde.eu\/index.php?rest_route=%2Fwp%2Fv2%2Fcomments&post=41"}],"version-history":[{"count":11,"href":"http:\/\/www.oldenburger-kakteenfreunde.eu\/index.php?rest_route=\/wp\/v2\/pages\/41\/revisions"}],"predecessor-version":[{"id":574,"href":"http:\/\/www.oldenburger-kakteenfreunde.eu\/index.php?rest_route=\/wp\/v2\/pages\/41\/revisions\/574"}],"wp:attachment":[{"href":"http:\/\/www.oldenburger-kakteenfreunde.eu\/index.php?rest_route=%2Fwp%2Fv2%2Fmedia&parent=41"}],"curies":[{"name":"wp","href":"https:\/\/api.w.org\/{rel}","templated":true}]}}